 the tens digit of 404409323?
2
What is the hundreds digit of 1618835951?
9
What is the tens digit of 277280700?
0
What is the hundreds digit of 102984934?
9
What is the tens digit of 554178432?
3
What is the hundred millions digit of 396804265?
3
What is the hundred millions digit of 343544306?
3
What is the billions digit of 1163297152?
1
What is the thousands digit of 34955282?
5
What is the tens digit of 161291174?
7
What is the ten millions digit of 38958415?
3
What is the thousands digit of 114089191?
9
What is the hundreds digit of 177755331?
3
What is the millions digit of 980201230?
0
What is the ten millions digit of 134240981?
3
What is the tens digit of 231978742?
4
What is the hundred thousands digit of 90082921?
0
What is the hundreds digit of 1463131554?
5
What is the tens digit of 40172346?
4
What is the units digit of 355301206?
6
What is the hundred thousands digit of 478169669?
1
What is the tens digit of 31247028?
2
What is the billions digit of 6445999876?
6
What is the units digit of 79462151?
1
What is the tens digit of 94962342?
4
What is the ten millions digit of 23349487?
2
What is the hundreds digit of 813385?
3
What is the hundreds digit of 130110652?
6
What is the hundred millions digit of 391746783?
3
What is the millions digit of 23054649?
3
What is the hundreds digit of 58958594?
5
What is the hundred millions digit of 136760791?
1
What is the ten thousands digit of 30190704?
9
What is the millions digit of 41655635?
1
What is the hundred thousands digit of 147652300?
6
What is the thousands digit of 425425939?
5
What is the ten millions digit of 90368155?
9
What is the hundred millions digit of 3166685450?
1
What is the hundreds digit of 96730998?
9
What is the ten thousands digit of 73147545?
4
What is the millions digit of 626536066?
6
What is the billions digit of 2591305489?
2
What is the ten thousands digit of 27424294?
2
What is the units digit of 528397276?
6
What is the millions digit of 32076920?
2
What is the thousands digit of 19085931?
5
What is the thousands digit of 87972936?
2
What is the tens digit of 136582236?
3
What is the hundred thousands digit of 759669043?
6
What is the units digit of 111163762?
2
What is the thousands digit of 887990?
7
What is the units digit of 100604917?
7
What is the units digit of 382166174?
4
What is the units digit of 26860492?
2
What is the billions digit of 2359901821?
2
What is the hundred millions digit of 102561618?
1
What is the units digit of 3633214544?
4
What is the units digit of 85564960?
0
What is the units digit of 286602638?
8
What is the tens digit of 3600324787?
8
What is the ten thousands digit of 2471054116?
5
What is the ten millions digit of 47220121?
4
What is the ten millions digit of 499958959?
9
What is the tens digit of 102141312?
1
What is the thousands digit of 25523455?
3
What is the hundred thousands digit of 82286718?
2
What is the units digit of 877111311?
1
What is the thousands digit of 3462353184?
3
What is the ten thousands digit of 19578884?
7
What is the hundreds digit of 70100032?
0
What is the thousands digit of 315247684?
7
What is the tens digit of 342285348?
4
What is the units digit of 448542506?
6
What is the units digit of 67586857?
7
What is the units digit of 685336516?
6
What is the tens digit of 1495940709?
0
What is the hundred thousands digit of 2655779999?
7
What is the hundreds digit of 400318536?
5
What is the hundred thousands digit of 3385604477?
6
What is the hundreds digit of 3432948815?
8
What is the thousands digit of 36427394?
7
What is the ten thousands digit of 3613541?
1
What is the tens digit of 126909294?
9
What is the hundreds digit of 219807939?
9
What is the millions digit of 653547892?
3
What is the tens digit of 182967389?
8
What is the thousands digit of 445893677?
3
What is the millions digit of 269641694?
9
What is the tens digit of 260151967?
6
What is the billions digit of 1213943793?
1
What is the thousands digit of 1318495664?
5
What is the thousands digit of 222865712?
5
What is the hundreds digit of 77646553?
5
What is the tens digit of 40511816?
1
What is the hundred millions digit of 679199392?
6
What is the ten thousands digit of 14450?
1
What is the units digit of 724904769?
9
What is the billions digit of 3891453820?
3
What is the tens digit of 253692162?
6
What is the tens digit of 138815421?
2
What is the ten millions digit of 93457377?
9
What is the hundred thousands digit of 16183546?
1
What is the tens digit of 5298733979?
7
What is the hundreds digit of 4087299506?
5
What is the ten thousands digit of 5126497786?
9
What is the millions digit of 25840193?
5
What is the billions digit of 3375951268?
3
What is the tens digit of 25860211?
1
What is the thousands digit of 847776?
7
What is the hundred millions digit of 1142593838?
1
What is the units digit of 51254943?
3
What is the ten thousands digit of 3519504016?
0
What is the hundreds digit of 41119791?
7
What is the hundred thousands digit of 1107890299?
8
What is the ten millions digit of 55003003?
5
What is the thousands digit of 232426904?
6
What is the units digit of 1947760409?
9
What is the thousands digit of 1043174616?
4
What is the hundreds digit of 1533994132?
1
What is the tens digit of 523466450?
5
What is the millions digit of 5380203?
5
What is the ten millions digit of 148570741?
4
What is the hundred millions digit of 486956855?
4
What is the ten millions digit of 637044409?
3
What is the ten thousands digit of 89130819?
3
What is the ten thousands digit of 344964325?
6
What is the ten millions digit of 41558892?
4
What is the ten thousands digit of 694209045?
0
What is the tens digit of 3588389432?
3
What is the hundred thousands digit of 1758776742?
7
What is the hundreds digit of 725509115?
1
What is the hundreds digit of 2842758573?
5
What is the hundred thousands digit of 3909455753?
4
What is the tens digit of 23899202?
0
What is the thousands digit of 361927218?
7
What is the hundred thousands digit of 900174858?
1
What is the tens digit of 1536700061?
6
What is the hundred millions digit of 1844520109?
8
What is the millions digit of 347459618?
7
What is the hundreds digit of 735866384?
3
What is the hundreds digit of 33539801?
8
What is the tens digit of 802030168?
6
What is the tens digit of 80733125?
2
What is the thousands digit of 45376712?
6
What is the ten thousands digit of 20008007?
0
What is the thousands digit of 5206941869?
1
What is the hundred millions digit of 1754067595?
7
What is the ten millions digit of 46134471?
4
What is the hundred thousands digit of 1017497441?
4
What is the billions digit of 2145924590?
2
What is the ten thousands digit of 26215843?
1
What is the hundred millions digit of 535688709?
5
What is the ten thousands digit of 46486350?
8
What is the units digit of 908321332?
2
What is the thousands digit of 4875024916?
4
What is the ten thousands digit of 64925889?
2
What is the ten thousands digit of 123187574?
8
What is the tens digit of 206122585?
8
What is the hundreds digit of 3752930704?
7
What is the hundreds digit of 4769781494?
4
What is the units digit of 443642021?
1
What is the thousands digit of 1012313365?
3
What is the thousands digit of 496857823?
7
What is the thousands digit of 141663506?
3
What is the units digit of 5732653028?
8
What is the thousands digit of 36375999?
5
What is the units digit of 98317557?
7
What is the tens digit of 66037512?
1
What is the millions digit of 397746808?
7
What is the hundred thousands digit of 88184411?
1
What is the ten thousands digit of 22011223?
1
What is the hundreds digit of 108730975?
9
What is the ten thousands digit of 24727105?
2
What is the hundred thousands digit of 482843283?
8
What is the tens digit of 107858907?
0
What is the millions digit of 980448528?
0
What is the tens digit of 778936365?
6
What is the units digit of 5034548138?
8
What is the ten thousands digit of 168605506?
0
What is the units digit of 167141201?
1
What is the thousands digit of 135333771?
3
What is the ten thousands digit of 77296295?
9
What is the ten thousands digit of 52518049?
1
What is the ten thousands digit of 46246202?
4
What is the hundred millions digit of 225863092?
2
What is the hundreds digit of 115765552?
5